9. Is v prime?
False
Let f(u) = 26*u**2 + 41*u - 372. Is f(10) a prime number?
False
Let r(y) = y**2 + 14*y + 24. Let l be r(-11). Let z(x) = x**2 + 10*x + 4. Let b(n) = n**2 + 9*n + 3. Let o(c) = 3*b(c) - 2*z(c). Is o(l) prime?
True
Let c(w) be the second derivative of -22*w**3/3 - 29*w**2/2 - 14*w. Is c(-14) composite?
False
Is 323954/6 + ((-110)/15)/(-11) a composite number?
False
Let c(o) = -o**3 + 43*o**2 + 30*o - 85. Is c(41) a composite number?
False
Let u(b) = b**3 - 8*b**2 - 15*b + 49. Is u(15) prime?
True
Suppose n + 4*r = 21, n + 7 = -0*n + 3*r. Suppose 0 = -n*i - 5, 20 = -5*p + i + 56. Let a(b) = -b**3 + 13*b**2 - 11*b + 6. Is a(p) a prime number?
True
Let l = -32 - -124. Suppose -5*y = s - 54, 2*y = -2*s + 8 + l. Is s prime?
False
Let n(h) = 18*h**3 + h**2 - 2*h - 2. Let g be 0 + 0 + 8 + -5. Is n(g) a composite number?
False
Let v(r) = 5*r - 5. Suppose 4*f = 3*f + 8. Let d be v(f). Let a = -22 + d. Is a prime?
True
Is (-1)/(-6)*(758 + 4) prime?
True
Suppose 0 = 3*o + z - 0 + 19, -2*z + 12 = -4*o. Is (-2707)/o + 2/(-5) a composite number?
False
Suppose -1054 + 123 = -a. Suppose 2*g - 4*v = 1356, 3*v + 273 - a = -g. Let u = -263 + g. Is u prime?
False
Let w(m) = m**2 + 5*m. Let j be w(-4). Let y be -2 - 297/(j - -1). Suppose u = 5*t - 159, 4*t - t - u = y. Is t a composite number?
False
Suppose -2*i - 117 = -4*k - 7*i, -5*k = 3*i - 156. Suppose 3*d = -2*o + 78, 2*d = -3*o + 3*d + 106. Let b = k + o. Is b a composite number?
True
Let d(y) = 23*y + 4. Let m be d(-1). Let t = m + 22. Is t prime?
True
Suppose -2*m = m - 12. Suppose 0 = -4*w - 4*y + 392, -m*w - 2*y = 124 - 514. Is w a prime number?
True
Suppose 21 + 39 = -10*o. Is 73 + 2/((-3)/o*-2) a composite number?
False
Let a = 137 - -298. Suppose -2*f = 3*f - a. Is f prime?
False
Suppose 0 = -3*d + 8*d - 30605. Is d a composite number?
False
Suppose 21348 - 56741 = -3*t + 5*u, 0 = 2*t - u - 23600. Is t composite?
False
Suppose -12*r + 5*a + 3700 = -7*r, 4*r - 3*a - 2959 = 0. Is r a prime number?
True
Suppose -4*d - 103 = -1103. Suppose -3*f + 3*a + d + 293 = 0, 3*f = -4*a + 571. Is f a composite number?
True
Let q be 4/(-12) + 5/(-3). Let l be (0*q/(-6))/(-1). Is ((0 - l) + -1)*-19 a prime number?
True
Suppose -32*i - 11720 = -40*i. Is i a prime number?
False
Let b(k) = k**2. Suppose s + 3 = 5. Let m be b(s). Suppose 0 = -5*d - 0*c + 2*c + 163, -d = m*c - 37. Is d a composite number?
True
Let c(o) be the first derivative of o**4/4 - 2*o**3 - o**2/2 + 6*o - 6. Let k be c(6). Suppose 0*u - 3*u + 237 = k. Is u composite?
False
Let j(k) = 2*k**3 - 6*k**2 - 11*k - 10. Let i be j(12). Let m = -1697 + i. Is m a composite number?
True
Suppose 0 = -2*o + 2. Let f = o - -3. Suppose 0 = -5*t - f + 389. Is t a composite number?
True
Let t be -1 + 0 + (-4)/(2 - 6). Suppose -i + 3*i - 26 = t. Is i a prime number?
True
Let a be ((-1)/(-3))/((-23)/(-345)). Suppose 0*p = a*b - 2*p - 2101, 4*b - 2*p - 1682 = 0. Is b a composite number?
False
Suppose -i - 5921 = -4*y, -3*i - 731 = -y + 741. Is y a prime number?
True
Let n = 717 + -714. Suppose -4*h + f = -0*f - 19, 0 = -3*h - 4*f. Is (n + -2)/(h/1324) a prime number?
True
Is (((-521)/2)/(1/20))/(-2) prime?
False
Let f = -7758 + 15373. Is f a composite number?
True
Suppose 3 - 7 = j + 2*n, 2*n = j - 8. Suppose -j*t = -5*d - 183, 2*d + 61 + 29 = 5*t. Let k = d + 68. Is k composite?
True
Suppose x - 146 = -2*n, 2*n - 73 = 5*x + 97. Let l = 364 - n. Is l composite?
True
Suppose 4*j + 2*w - 976102 = -396256, -4*j - 3*w = -579847. Is j a composite number?
False
Suppose -2*a + 42 = a. Is 2/(-7) - (-15978)/a a composite number?
True
Let t = 1092 - -491. Is t a prime number?
True
Suppose -3*w + 202 = -6*w - l, 322 = -5*w + 2*l. Let c = w - -145. Is c a composite number?
False
Let f = 2563 + -829. Suppose -868 = -2*o + 2*g + g, -5*g - f = -4*o. Is o a prime number?
True
Let u(y) = y**3 + 6*y**2 - 8*y - 7. Let h be u(-7). Suppose h = 4*w - 6*w + 46. Let p = 33 - w. Is p a composite number?
True
Let r(y) = y**3 + y**2 + 5*y - 6676. Let d(b) = -b**2 - b - 1. Let u(c) = -3*d(c) - r(c). Is u(0) a prime number?
True
Is 3652/(-6)*195/(-130) a prime number?
False
Let i = -2254 + 7787. Is i a prime number?
False
Let x = 22548 - 15775. Is x composite?
True
Let y(p) = 28*p**2 + 12*p + 1. Let f be (-3)/(9/6)*5. Is y(f) composite?
True
Let x = -4388 - -6483. Is x a prime number?
False
Let m = -27 + 30. Suppose 2*b - 443 = -3*t, m*b + t - 671 = 3*t. Is b composite?
False
Let y(r) = -5*r**3 - 4*r**2 - 8*r + 8. Let c(k) = 4*k**3 + 5*k**2 + 7*k - 7. Let i(j) = -4*c(j) - 3*y(j). Is i(-9) composite?
True
Let v be (8/(-6))/((-2)/6). Let o(t) = t**3 + 7*t**2 - 9*t - 6. Let d be o(-8). Is v*(d + (-63)/(-4)) composite?
False
Let k = -33350 + 64219. Is k a prime number?
True
Let x = 6 - -2. Let q(f) = x*f**2 - f**3 + 3 - 4 - 4 + 12*f. Is q(9) prime?
False
Let p = 68 - 1. Let k(g) = p - g**2 + 138 + 13*g - 12*g. Is k(0) a prime number?
False
Let b(c) = -15*c**2 - 2*c - 1. Let l(s) = -s - 1. Let v(t) = -b(t) - 2*l(t). Let z = 7 + -3. Is v(z) a composite number?
True
Let n = -6474 + 12068. Is n prime?
False
Suppose 0 = -2*a - 4*v + 3522, -5*a + 3*v + 3980 = -4812. Is a a composite number?
False
Let q = 57238 - 16815. Is q prime?
True
Let d = -189 - -268. Suppose -d = -x + 132. Is x a composite number?
False
Let k(g) = 7*g**2 - g - 1. Let t be k(1). Suppose -t*f - 386 = -2*v, 2*v - 3*v = f - 207. Is v composite?
True
Let d = 3549 + -2289. Suppose -12*q + 7*q + 5*b + 3145 = 0, b = 2*q - d. Is q a composite number?
False
Let x(a) = 177*a**2 - 5*a + 6. Let b be x(2). Let w = -411 + b. Is w composite?
False
Let a(r) be the third derivative of -79*r**5/12 - r**4/8 - 7*r**3/6 - 7*r**2. Let c be a(-7). Is c/(-28) - (-1)/4 prime?
True
Let g = 6795 + -578. Is g prime?
True
Let l(a) = a**3 + 51*a**2 - 2*a + 29. Is l(-30) a composite number?
True
Suppose -3*p - 3*g = -12, 4*g - 5 = -p + 2. Suppose 2*t - j = 2*j + 163, 4*t - 371 = -p*j. Is t a prime number?
True
Let i = 3570 + -1471. Is i a prime number?
True
Suppose 24*i - 111708 = 42636. Is i a composite number?
True
Suppose 0 = -5*i + q - 2*q + 5, 3*q - 15 = 2*i. Is (879 - 0)/(1 - i) a prime number?
False
Let z(y) = 586*y**2 + y + 1. Let x be z(-1). Suppose 0 = 18*c - 3901 - 3461. Let i = x - c. Is i a composite number?
True
Is (7 + -11 - -800) + 1 a composite number?
False
Suppose 0*d + 3933 = 5*a + 2*d, 773 = a - 3*d. Is a a composite number?
True
Let q(h) = -h**3 + 5*h**2 - 2*h - 6. Let p be q(4). Let j be (-1 - p)*1*1. Is j/((21/(-122))/7) a prime number?
False
Is (4/14 - 4946898/(-154)) + -6 a composite number?
False
Suppose -39 = -3*z - 4*h, 5*h - 12 - 27 = -3*z. Let p = z - -150. Is p composite?
False
Let j be (-8)/(-6)*27/18. Suppose 0 = 2*i + j*i - 1900. Let x = -281 + i. Is x composite?
True
Is (-4)/(-8 + 430880/53864) a composite number?
False
Suppose -4*l + 4*p - 18 = -6*l, -5*l + 30 = -5*p. Suppose -3*m + 20 + l = 0. Let h = -3 + m. Is h composite?
True
Suppose -3*l + 2548 = h - 2702, 0 = 2*l + 2*h - 3496. Suppose -4*s + 4*z + l + 2977 = 0, 0 = -2*z + 10. Is s a composite number?
False
Let o be (9 + -9)*(-1)/(-1). Suppose o*a = 4*a - 260. Let n = a - 30. Is n a composite number?
True
Let j(p) = -6*p + 2. Let y be j(-4). Let s = 15 + -8. Suppose -s = -m + y. Is m a prime number?
False
Let b(z) = z**3 - 15*z**2 - 28*z + 8. Let l be b(12). Let h = l - -1251. Is h a composite number?
False
Let d = -51 + 552. Let n = d + 910. Is n a prime number?
False
Let y(m) = 2*m**3 - 2*m**2 + 3*m. Suppose -i - 8 = -3*p, -3*p - 2*i = -5*p + 8. Let f be y(p). Is 2/(-7) - (-2678)/f a composite number?
False
Suppose 4032 = 2*r - 3554. Is r composite?
False
Let c(z) = z**2 - 19*z + 36. Let q be c(17). Is 37/(-6)*-3*q a prime number?
True
Let v(f) = 4*f - 1. Let y be 2 - 7/(14/(-4)). Suppose n - 10 = -u, y*n + 2*u + 70 = 8*n. Is v(n) composite?
False
Suppose 2*r - 17327 = 3*s - 759, 5*r - 41425 = 5*s. Suppose -5*c = -i - r, 2*c - 2*i - 739 = 2579. Is c a prime number?
True
Let t(p) = 1160*p - 57. Is t(11) composite?
False
Suppose 2*l = -3*y - 39, -3*l - 3*y = -y + 51. Is 11/(-55) - 78918/l a composite number?
False
Suppose -55*p + 61*p - 846 = 0. Is p a composite number?
True
Suppose 2766 + 501 = -9*j. Let y = j + 1898. Is y composite?
True
Let s = -9